-1 + 1 + -3)*-5. Let c be (0 - -10)*42/4. Calculate the highest common divisor of c and o.
15
Let z = 0 - 1. Let g = 33 + -26. Let q = z + g. Calculate the greatest common divisor of 1 and q.
1
Suppose w + 2*k - 91 = -2*k, -382 = -4*w + 2*k. Let c = 149 - w. Let s be (-392)/(-18) + 12/c. Calculate the highest common factor of s and 2.
2
Let k(o) = 2*o + 5. Let n be k(3). What is the greatest common factor of 11 and n?
11
Suppose -2*s = -5*f - 14, 8 = 5*s - 2*f - 6. Let k(z) = z**2 + 4*z. Let i be k(-5). Suppose -s*w + i*w - 3 = 0. Calculate the highest common divisor of 1 and w.
1
Let s(w) = -4*w**2 + 4*w**2 - 3 + 5*w**2 - w**3 + 2 + 9*w. Let u be s(6). Suppose 5*q - 62 = -u. What is the greatest common divisor of 9 and q?
9
Let g be ((112 - -1) + 0)/1. Suppose -4*h + 67 = -g. What is the highest common factor of 15 and h?
15
Let j(h) = -h**2 + 15*h + 41. Let k be j(17). Calculate the highest common factor of 154 and k.
7
Let o(v) = 11*v**2 - 6*v - 12. Let z be o(-3). What is the greatest common factor of z and 21?
21
Suppose 0 = -4*g - 141 + 1329. What is the greatest common divisor of 27 and g?
27
Let d = -13 - -20. Suppose -s + 4*a = -0*s + d, 22 = 5*s - a. Suppose 2*r + 5*c - 28 = 0, -3*c = s*r + 2*c - 55. What is the highest common divisor of 18 and r?
9
Suppose 4*f - 10 = -2. Suppose 2*k + f*k = 0. Suppose k*y - 3*y + 180 = 0. Calculate the greatest common factor of y and 12.
12
Let r be (3/(-2))/(9/(-24)). Suppose 0 = 2*a + r*t + 8, -4*a + 2*t - 1 = 5*t. Suppose a = 5*n - 3. What is the highest common divisor of n and 5?
1
Let x = -106 - -18. Let l be ((-6)/8)/(2/x). Let c = -12 + 23. What is the highest common factor of c and l?
11
Suppose -2*g + 0*g - 138 = -4*b, -g - 60 = b. Let z = 165 + g. Suppose 0*c - 68 = -4*c. Calculate the greatest common factor of z and c.
17
Let r = -7 + 88. What is the highest common divisor of 18 and r?
9
Let r(z) = -3*z - 5. Let p be r(-3). What is the highest common factor of 8 and p?
4
Suppose 2*f - u - 15 = 0, 0*f - f - 3*u - 10 = 0. Suppose 0 = f*s - 3*s - 4. Suppose s*o - 9 = 9. Calculate the greatest common factor of 72 and o.
9
Let v = 0 + 3. Let c(p) = 36*p + 12. Let l be c(-2). Let i be (1/v)/((-5)/l). What is the greatest common divisor of i and 6?
2
Let h = 5 + 3. Let o(z) = -4*z**3 + 2*z**2 + z + 2. Let k be o(-2). What is the greatest common divisor of k and h?
8
Let z be 54 - 4 - (-1 - 1). Calculate the greatest common factor of 130 and z.
26
Suppose 2*j - 4*z - 1 = 3, 5*z = -4*j - 5. Let l be (j + 2)*(10 - -4). Suppose c + l = 2*c. What is the highest common divisor of 4 and c?
4
Suppose -2*d = -2*y - 1720, -2*d + y - 3*y + 1736 = 0. Let h be (10/(-6))/((-8)/d). What is the highest common factor of 20 and h?
20
Suppose -2*l + 45 = 17. Calculate the greatest common factor of l and 28.
14
Suppose 2*q = 3*q + 5*d - 12, 3*q = -3*d + 72. Calculate the highest common factor of 9 and q.
9
Suppose 3*q - 37 = 2*i, i = -5*q + 3*i + 55. Let g(v) = 4 + 11*v + 5 - 4. Let h be g(q). What is the highest common factor of 13 and h?
13
Suppose 0 = j - 3*l - 23, j - 6 = -2*l - 3. Suppose 5*f = 71 + 44. Let h = f - j. Calculate the highest common factor of h and 24.
12
Let w(h) = h - 9. Let m be w(7). Let q = 24 + m. Calculate the greatest common divisor of q and 2.
2
Suppose 4*f + 10 = h - 2, f + 22 = 5*h. Suppose -h*d - d = -35. What is the greatest common factor of d and 77?
7
Let p = -45 - -66. Calculate the greatest common divisor of p and 231.
21
Let m be (((-504)/15)/(-4))/(2/85). What is the highest common factor of 21 and m?
21
Let y(q) = -q + 8. Let k be y(-25). What is the greatest common factor of 11 and k?
11
Let u = -114 - -54. Let n be u/(-4)*(-8)/(-6). What is the greatest common factor of 2 and n?
2
Suppose 3*h - 4*r - 10 = -2*h, -4*r - 8 = -4*h. Suppose -5*b = 20, -3*w - 2*b + 20 = -4*b. Calculate the greatest common factor of w and h.
2
Let w = -57 + 64. Let s = -3 + 59. What is the highest common divisor of s and w?
7
Let a be (-7 - (-3 - 1))*-1. Calculate the highest common divisor of 12 and a.
3
Suppose z = -0 + 1. Let c be ((-12)/z)/((-12)/8). What is the highest common factor of c and 48?
8
Let p(i) = 3*i**2 - 1. Let c be p(-1). Let r(v) = -19*v**3 - 2*v**2 + 1. Let h = 0 + -1. Let t be r(h). What is the highest common factor of c and t?
2
Let q be (4/(-1))/((-12)/90). What is the greatest common divisor of 210 and q?
30
Let g be 1/(-3) - (-570)/9. Let a be g/(-2)*8/(-4). Calculate the greatest common divisor of 21 and a.
21
Let t = 394 + -388. Suppose 2*h + h = 144. What is the highest common divisor of h and t?
6
Suppose -5*n + 183 = -2*n + 5*r, 3*r + 9 = 0. Let l = -1 + 7. Calculate the highest common factor of l and n.
6
Let x = 238 + -63. Calculate the highest common factor of x and 7.
7
Suppose -6*y = -2*y. Suppose -4*u + 33 + 11 = y. Let w(n) = n + 3. Let j be w(u). What is the greatest common divisor of 154 and j?
14
Let t = -192 + 224. What is the greatest common divisor of t and 4?
4
Suppose -3*j - 4*y + y + 30 = 0, j + 5*y = 22. Suppose -5*i + 318 = 4*r, -5*r + 5*i + 518 - 143 = 0. Calculate the highest common divisor of r and j.
7
Suppose -4*k + 427 = 3*u - 2*k, 0 = -4*u - 5*k + 567. What is the greatest common divisor of u and 13?
13
Suppose -4*s + 406 = -794. Calculate the highest common factor of 120 and s.
60
Let x = -55 + 57. Calculate the greatest common divisor of 22 and x.
2
Let m = 12 - 2. Let p(t) = -t**3 + 5*t**2 + 8*t - 2. Let g = -23 - -29. Let r be p(g). What is the highest common factor of r and m?
10
Suppose 0 = -b + 1 - 0, 4*w = -2*b + 482. What is the greatest common divisor of w and 15?
15
Let m = -5 + 11. Let z be (-8)/6*(-3)/2. Calculate the greatest common factor of m and z.
2
Let p(a) = 2*a**2 - 1. Let q be p(-2). Let h = q + 1. Calculate the highest common factor of 1 and h.
1
Let q = -28 - -27. Let n be 11*(4 - (4 + q)). What is the highest common factor of 99 and n?
11
Suppose 0 = -33*g + 37*g - 252. What is the greatest common divisor of g and 18?
9
Let k(u) = u**3 + 12*u**2 + 4. Let r be k(-12). What is the highest common factor of r and 40?
4
Let k(m) = m**2 - 23*m + 10. Let s be k(23). Calculate the greatest common factor of 130 and s.
10
Suppose 4*k + 27 = 3*q, 5*q + 22 = 5*k + 72. What is the greatest common divisor of 143 and q?
13
Suppose 0 = -3*u - 2*u + 50. Calculate the greatest common divisor of 10 and u.
10
Let m(y) = y - 12. Let g be m(9). Let w be (-1)/g - (-2)/3. Calculate the greatest common divisor of w and 1.
1
Let o be 1/((-3)/6)*-6. Let d = o + 0. What is the highest common factor of 6 and d?
6
Suppose -k = -2*q - 7, -k + q = -3*q - 7. Let c(b) = -b**2 + 7*b + 10. Let n be c(k). Calculate the highest common factor of 110 and n.
10
Suppose 9*w + 8 = 152. Calculate the highest common divisor of 4 and w.
4
Suppose 2 = 3*l - 1. Let f be 14 + 4 - (l + -1). What is the greatest common divisor of f and 198?
18
Suppose -3*r - 2*y + 27 = -144, 4*y + 114 = 2*r. Let u = 5 + 14. Calculate the greatest common divisor of u and r.
19
Let a(i) = i**3 + 12*i**2 + 11*i + 3. Let t be a(-11). Calculate the highest common divisor of t and 3.
3
Let o be 2/((-1)/(-4 + 2)). Let f = 511 + -291. Suppose 0*b + 5*b = f. What is the highest common factor of b and o?
4
Suppose -3*h + 516 + 600 = 0. Suppose -42 = 3*o - h. What is the highest common factor of 10 and o?
10
Suppose -2*t + 6*t - 132 = 0. What is the greatest common factor of 165 and t?
33
Suppose -2*q = z - 10, -z - 5 = -5*z - q. Suppose z = -4*c + 15 + 41. Let m = c + -7. What is the highest common factor of m and 70?
7
Let q be 24/(-18)*30/(-2). What is the highest common divisor of 80 and q?
20
Let l(q) = -8*q**2 - q. Let x be l(-1). Let g(j) = j + 8. Let v be g(x). What is the highest common factor of 1 and v?
1
Suppose -4*h - 3*w = -1709, -4*h + 548 + 1159 = 5*w. Suppose 0*o = -2*o - h. Let q be o/(-10) + (-2)/5. Calculate the greatest common factor of 14 and q.
7
Let f be (18/8 - 1)*20. Calculate the greatest common factor of f and 200.
25
Suppose i + 2*w - 95 = 0, 2*i - 3*w - 70 = 85. What is the greatest common factor of 17 and i?
17
Let h be 3/18 - 4151/(-42). Calculate the highest common factor of h and 9.
9
Suppose 4*o + l = -0*o - 101, -o - 49 = 5*l. Let n = -13 - o. What is the 